{"id":180,"date":"2020-06-28T15:46:00","date_gmt":"2020-06-28T15:46:00","guid":{"rendered":"http:\/\/angelsportclub-kronberg.de\/?page_id=180"},"modified":"2024-10-15T10:13:05","modified_gmt":"2024-10-15T10:13:05","slug":"einzugsermaechtigung","status":"publish","type":"page","link":"https:\/\/angelsportclub-kronberg.de\/?page_id=180","title":{"rendered":"Einzugserm\u00e4chtigung"},"content":{"rendered":"<p>Den Mitgliedsbeitrag ziehen wir per Lastschrift, i.d.R. zum 31. M\u00e4rz eines jeden Jahres ein. Das aktuelle Formular f\u00fcr die Einzugserm\u00e4chtigung kann <span style=\"text-decoration: underline; color: #339966;\"><a style=\"color: #339966; text-decoration: underline;\" href=\"https:\/\/angelsportclub-kronberg.de\/wp-content\/uploads\/2022\/09\/2022-SEPA-Lastschriftmandat.pdf\" target=\"_blank\" rel=\"noopener\">hier <\/a><\/span>heruntergeladen werden.<\/p>\n","protected":false},"excerpt":{"rendered":"<p>Den Mitgliedsbeitrag ziehen wir per Lastschrift, i.d.R. zum 31. M\u00e4rz eines jeden Jahres ein. Das aktuelle Formular f\u00fcr die Einzugserm\u00e4chtigung kann hier heruntergeladen werden.<\/p>\n","protected":false},"author":1,"featured_media":0,"parent":21,"menu_order":4,"comment_status":"closed","ping_status":"closed","template":"","meta":{"footnotes":""},"class_list":["post-180","page","type-page","status-publish","hentry"],"_links":{"self":[{"href":"https:\/\/angelsportclub-kronberg.de\/index.php?rest_route=\/wp\/v2\/pages\/180","targetHints":{"allow":["GET"]}}],"collection":[{"href":"https:\/\/angelsportclub-kronberg.de\/index.php?rest_route=\/wp\/v2\/pages"}],"about":[{"href":"https:\/\/angelsportclub-kronberg.de\/index.php?rest_route=\/wp\/v2\/types\/page"}],"author":[{"embeddable":true,"href":"https:\/\/angelsportclub-kronberg.de\/index.php?rest_route=\/wp\/v2\/users\/1"}],"replies":[{"embeddable":true,"href":"https:\/\/angelsportclub-kronberg.de\/index.php?rest_route=%2Fwp%2Fv2%2Fcomments&post=180"}],"version-history":[{"count":6,"href":"https:\/\/angelsportclub-kronberg.de\/index.php?rest_route=\/wp\/v2\/pages\/180\/revisions"}],"predecessor-version":[{"id":427,"href":"https:\/\/angelsportclub-kronberg.de\/index.php?rest_route=\/wp\/v2\/pages\/180\/revisions\/427"}],"up":[{"embeddable":true,"href":"https:\/\/angelsportclub-kronberg.de\/index.php?rest_route=\/wp\/v2\/pages\/21"}],"wp:attachment":[{"href":"https:\/\/angelsportclub-kronberg.de\/index.php?rest_route=%2Fwp%2Fv2%2Fmedia&parent=180"}],"curies":[{"name":"wp","href":"https:\/\/api.w.org\/{rel}","templated":true}]}}