{"id":390,"date":"2024-10-15T08:25:17","date_gmt":"2024-10-15T08:25:17","guid":{"rendered":"https:\/\/angelsportclub-kronberg.de\/?page_id=390"},"modified":"2024-10-15T10:10:51","modified_gmt":"2024-10-15T10:10:51","slug":"fischerei-und-vereinsordnung","status":"publish","type":"page","link":"https:\/\/angelsportclub-kronberg.de\/?page_id=390","title":{"rendered":"Fischerei- und Vereinsordnung"},"content":{"rendered":"<p style=\"text-align: center;\"><span style=\"font-size: 10pt;\">(beschlossen von der Mitgliederversammlung am 8. M\u00e4rz 2024)<\/span><\/p>\n<p>Zur Sicherstellung der Einhaltung der gesetzlich und durch Fischereipachtvertrag vorgeschriebenen sowie der natur- und umweltschutzbezogen Verpflichtungen und zur Gew\u00e4hrleistung eines angemessenen Vereinslebens gelten folgende Regelungen:<\/p>\n<p><span style=\"text-decoration: underline; color: #000000; font-size: 18pt;\">Verhaltensregeln:<\/span><\/p>\n<p>Berechtigt zum Angeln sind nur Mitglieder und Mitglieder auf Probe. Voraussetzung ist ein g\u00fcltiger Fischereischein \u00a0und der aktuelle Jahresstempel im Mitgliedsausweis.<\/p>\n<p>Die gesetzlichen Vorschriften des Hessischen Fischereigesetzes (HFischG) und der Hessischen Fischereiverordnung (HFischV) sowie die Grunds\u00e4tze einer waidgerechten und nachhaltigen Angelfischerei sind einzuhalten. Der Tier-, Natur- und Umweltschutz ist zu beachten.<\/p>\n<p>Geangelt werden kann ganzj\u00e4hrig unter Ber\u00fccksichtigung der Schonzeiten.<\/p>\n<p><span style=\"text-decoration: underline;\"><span style=\"font-size: 18pt;\">Fischereiregeln:<\/span><\/span><\/p>\n<p>Das Angeln darf nur mit Schonhaken (d.h. ohne Widerhaken) ausgef\u00fchrt werden. Ausnahme beim Blinkern (nur erlaubt, wenn nicht mehr als drei Personen am Angeln sind).<\/p>\n<p>Gefangene Fische m\u00fcssen mit einem Unterfangkescher aus dem Wasser geholt, mit einem Schlagholz bet\u00e4ubt und anschlie\u00dfend mit einem Stich ins Herz oder einem Kiemenschnitt waidgerecht get\u00f6tet werden.<\/p>\n<p>Das Ausnehmen der Fische ist am Gew\u00e4sser verboten.<\/p>\n<p>Das H\u00e4ltern von Fischen ist nicht erlaubt.<\/p>\n<p><u>Fangverbote<\/u> gelten f\u00fcr Edelkrebse und Teichmuscheln.<\/p>\n<p><u>Fangbegrenzungen:<\/u><\/p>\n<ul>\n<li>Edelfischfang t\u00e4glich h\u00f6chstens = 3 St\u00fcck<\/li>\n<li>Edelfischfang w\u00f6chentlich h\u00f6chstens = 6 St\u00fcck<\/li>\n<li>Edelfischfang bei An-und Abangeln = 5 St\u00fcck<\/li>\n<\/ul>\n<p>Als Edelfische gelten Salmoniden, Karpfen, Schleien, Zander und Hecht.<\/p>\n<p>Barsche und Wei\u00dffische unterliegen keiner Fangbegrenzung.<\/p>\n<p>F\u00fcr die Fangf\u00e4higkeit der Fische (Schonzeiten, Schonma\u00dfe) gilt die Hessische Fischereiverordnung (HFischV).<\/p>\n<p><u>Schongebiet:<\/u><\/p>\n<p>Der Bereich des Schillerweihers vom Einlauf (das ist das Ufer bei der Angelh\u00fctte) bis zur \u00f6stlichen Kante der Insel mit dem Entenh\u00e4uschen gilt \u00fcber die gesamte Breite des Weihers als Schongebiet. In diesem Bereich darf nicht geangelt werden.<\/p>\n<p><span style=\"text-decoration: underline;\"><span style=\"font-size: 18pt;\">Mitwirkungspflichten:<\/span><\/span><\/p>\n<p>Pflichtarbeitsstunden f\u00fcr aktive Mitglieder:<\/p>\n<ul>\n<li>12 Pflichtarbeitsstunden im Jahr bei aktiver Zeiteinteilung durch den Vorstand.<\/li>\n<li>Rentner und Jugendliche (ab 16 Jahren) leisten 6 Pflichtarbeitsstunden<\/li>\n<li>Mitglieder mit Behindertenausweis leisten 6 Pflichtarbeitsstunden (im Rahmen ihrer M\u00f6glichkeiten)<\/li>\n<\/ul>\n<p>2 Arbeitsstunden werden bei Teilnahme an der Jahreshauptversammlung (JHV) angerechnet.<\/p>\n<p>Nicht geleistete Arbeitsstunden werden mit einem Zusatzbeitrag abgegolten. Dessen H\u00f6he wird in der Beitragsordnung festgesetzt.<\/p>\n<p>Arbeitsstunden k\u00f6nnen beim Gew\u00e4sserreinigen, Fischerfest, Weihnachtsmarkt oder durch Vorstandsarbeit abgeleistet werden. Voraussetzung ist, dass die Arbeitsleistung zum jeweiligen Zeitpunkt auch ben\u00f6tigt wird.<\/p>\n","protected":false},"excerpt":{"rendered":"<p>(beschlossen von der Mitgliederversammlung am 8. M\u00e4rz 2024) Zur Sicherstellung der Einhaltung der gesetzlich und durch Fischereipachtvertrag vorgeschriebenen sowie der natur- und umweltschutzbezogen Verpflichtungen und zur Gew\u00e4hrleistung eines angemessenen Vereinslebens gelten folgende Regelungen: Verhaltensregeln: Berechtigt zum Angeln sind nur Mitglieder und Mitglieder auf Probe. Voraussetzung ist ein g\u00fcltiger Fischereischein \u00a0und der aktuelle Jahresstempel im Mitgliedsausweis. Die gesetzlichen Vorschriften des Hessischen Fischereigesetzes (HFischG) und der Hessischen Fischereiverordnung (HFischV) sowie die Grunds\u00e4tze einer waidgerechten und nachhaltigen Angelfischerei sind einzuhalten. Der Tier-, Natur-&#8230;<\/p>\n<p class=\"read-more\"><a class=\"btn btn-default\" href=\"https:\/\/angelsportclub-kronberg.de\/?page_id=390\">Weiterlesen<span class=\"screen-reader-text\"> Weiterlesen<\/span><\/a><\/p>\n","protected":false},"author":1,"featured_media":0,"parent":20,"menu_order":2,"comment_status":"closed","ping_status":"closed","template":"","meta":{"footnotes":""},"class_list":["post-390","page","type-page","status-publish","hentry"],"_links":{"self":[{"href":"https:\/\/angelsportclub-kronberg.de\/index.php?rest_route=\/wp\/v2\/pages\/390","targetHints":{"allow":["GET"]}}],"collection":[{"href":"https:\/\/angelsportclub-kronberg.de\/index.php?rest_route=\/wp\/v2\/pages"}],"about":[{"href":"https:\/\/angelsportclub-kronberg.de\/index.php?rest_route=\/wp\/v2\/types\/page"}],"author":[{"embeddable":true,"href":"https:\/\/angelsportclub-kronberg.de\/index.php?rest_route=\/wp\/v2\/users\/1"}],"replies":[{"embeddable":true,"href":"https:\/\/angelsportclub-kronberg.de\/index.php?rest_route=%2Fwp%2Fv2%2Fcomments&post=390"}],"version-history":[{"count":6,"href":"https:\/\/angelsportclub-kronberg.de\/index.php?rest_route=\/wp\/v2\/pages\/390\/revisions"}],"predecessor-version":[{"id":396,"href":"https:\/\/angelsportclub-kronberg.de\/index.php?rest_route=\/wp\/v2\/pages\/390\/revisions\/396"}],"up":[{"embeddable":true,"href":"https:\/\/angelsportclub-kronberg.de\/index.php?rest_route=\/wp\/v2\/pages\/20"}],"wp:attachment":[{"href":"https:\/\/angelsportclub-kronberg.de\/index.php?rest_route=%2Fwp%2Fv2%2Fmedia&parent=390"}],"curies":[{"name":"wp","href":"https:\/\/api.w.org\/{rel}","templated":true}]}}